e -3*j - w*h + 278 = -h, 0 = -j + 2*h + 111. What is the remainder when j is divided by 34?
33
What is the remainder when 102 is divided by (12 - 0)/(-12)*-3?
0
Let n(h) = -h**3 - 5*h**2 + 6*h - 2. Let q be n(-5). Let i = -19 - q. Calculate the remainder when 37 is divided by i.
11
Suppose 4*f = 3 - 11. Let u be 3/(9/120*f). What is the remainder when 22 is divided by 4/2*u/(-5)?
6
What is the remainder when 190*-2*5/(-20)*2 is divided by 56?
22
Suppose 2*g + g - 30 = 0. Let l = -1971 + 2010. What is the remainder when l is divided by g?
9
Suppose 2*p - 2*f = -0*p + 30, -4 = 4*f. Let c = -10 + p. What is the remainder when 39 is divided by 15 + c/(-4)*1?
11
Let g = 14 - 11. Suppose -2*c = 2*c - 2*w + 14, g*c + 3*w = 3. Calculate the remainder when (c - 0 - -2) + 18 is divided by 7.
4
Suppose -4*u - 39 = -3*i, 4*u + 30 = u + 3*i. Let d = 46 + u. Let k(y) = 10*y - 1. Calculate the remainder when d is divided by k(2).
18
Suppose 7 = 5*m - 3. Suppose -4*d + v = m*v - 98, -52 = -2*d + v. Calculate the remainder when 46 is divided by d.
21
Let f(z) = -z**2 - 1. Let n(b) = 5*b**3 + 2*b**2 + 5*b - 9. Let u(m) = 2*f(m) - n(m). Calculate the remainder when u(-3) is divided by 31.
28
Let b = -309 + 329. What is the remainder when 338 is divided by b?
18
Let v(x) = -x + 21. Let u be v(7). Calculate the remainder when 177 is divided by u/3*(-54)/(-7).
33
Suppose 6*q = 4*q. Suppose -5*o - 5*w + 5 = q, 2 = -2*o - 4*w - 0. What is the remainder when o is divided by 2?
1
Suppose 4*l + 18 - 102 = 0. Let x(r) = r**3 - 6*r**2 - 2*r + 24. What is the remainder when l is divided by x(6)?
9
Let d(n) = n**3 - 7*n**2 - 4*n + 2. Let y be d(9). Suppose 56 = 2*u - 2*b - 12, -4*u + 2*b = -y. Calculate the remainder when 88 is divided by u.
28
Suppose -g = -0*g. Let y be g + 42/(-5 + 2). Let h = 24 + y. Calculate the remainder when 18 is divided by h.
8
Suppose 2*u - 126 = 2*d, 0 = -6*u + 4*u + 5*d + 135. Calculate the remainder when u is divided by 9.
6
Suppose 2*l + 26 = 4*q, -4*q - 5*l + 3 + 2 = 0. Suppose q*z - 160 = -5*g, -g + 2*z + 25 = -22. Calculate the remainder when 108 is divided by g.
34
Let w = 1537 + -889. Suppose -h - w = -4*h. Suppose -2*u + h = 4*j + 3*u, 2*j = 2*u + 126. Calculate the remainder when j is divided by 15.
14
Suppose -2*i - 3 = -75. What is the remainder when i is divided by 10/105 - (-397)/21?
17
Suppose 2*b + 0*l + 5*l = 0, 6 = -3*l. Suppose 0*d - 2*d = -5*p - 93, -b*p = -4*d + 161. Calculate the remainder when d is divided by (-68)/(-4) - (0 + -1).
16
Suppose 5*c + 2*v = 21, -5*c + 2*v + 3 = -2*v. Suppose -c*d - 155 = -8*d. Calculate the remainder when 90 is divided by d.
28
Let g(v) = -v**3 + 6*v**2 + 17*v - 18. Calculate the remainder when 254 is divided by g(7).
46
Let l(m) = -226*m - 2. Let a be l(-1). Suppose 0*x = -14*x + a. Calculate the remainder when 47 is divided by x.
15
Let b be ((-5)/(-3))/(((-91)/126)/13). Let s = 16 - b. What is the remainder when s is divided by 10?
6
What is the remainder when 278 is divided by (140/(-3))/(3/18*-4)?
68
Let g = 425 - 391. Calculate the remainder when g is divided by 12.
10
Suppose 36*y = 27*y + 207. What is the remainder when 137 is divided by y?
22
Let n = -49 + 51. Suppose -42 = -n*t + 2*c, -3*t = 2*c + 2*c - 28. What is the remainder when 30 is divided by t?
14
Let p = 6 - -6. Suppose 2*m + j = -0*j + p, -5*m + 2*j + 30 = 0. What is the remainder when m is divided by 4?
2
Suppose -5*u = -57 - 3. Calculate the remainder when 40 is divided by u.
4
Let t(s) = -34*s - 776. Calculate the remainder when t(-25) is divided by 21.
11
Let t be -1 + -3*(-152)/6. Let k = t - 45. Suppose -6*x + 8*x + 3*b = 105, -222 = -4*x - 2*b. What is the remainder when x is divided by k?
27
Suppose -8*q - q + 144 = 0. Suppose f - 10 = q. Calculate the remainder when f is divided by 8.
2
Let w(r) be the third derivative of r**5/15 - r**4/24 + 2*r**3/3 + 9*r**2. Let l = 4 - 7. Calculate the remainder when w(l) is divided by 11.
10
Suppose 4*w = -3*m + 27, 5*m - 5*w + 1 = 11. Calculate the remainder when 186 is divided by m.
1
Let w be (-9 - -9)/(0 - -3). Calculate the remainder when 38 is divided by 10 + (-4 - -4) - w.
8
Calculate the remainder when (6/(-15))/(1*5/(-1750)) is divided by 13.
10
Suppose 20 = 6*w + 20. Suppose w = -5*h - 2*b + 3*b + 79, -43 = -3*h + 5*b. Calculate the remainder when 57 is divided by h.
9
Suppose 0 = 2*y - 4, 3*b + 3*y + 2304 = 8*b. Calculate the remainder when b is divided by 58.
56
Let f(u) = 8*u + 30. Suppose 13*r - 81 = 4*r. Calculate the remainder when f(r) is divided by 13.
11
Suppose -5*w + 463 - 43 = 0. What is the remainder when w is divided by 79?
5
Suppose -r + 89 = -19. Let f = -66 + r. Let c = f - 20. What is the remainder when 85 is divided by c?
19
What is the remainder when ((-228)/190)/(3/(-410)) is divided by 24?
20
Suppose 19*b - 8*b - 583 = 0. What is the remainder when b is divided by 11?
9
Suppose -m = -3*s + m + 184, -244 = -4*s + 2*m. What is the remainder when 115 is divided by s?
55
Let j(c) = c**2 + 4*c. What is the remainder when j(-7) is divided by 7?
0
Let l(a) = a**3 - 9*a**2 - 14*a - 11. What is the remainder when l(11) is divided by 1/3 - (7 + (-1096)/24)?
38
Suppose -y - 620 = -5*p, -2*y - 6 = 4. Let u = 194 - p. What is the remainder when u is divided by 11?
5
Let y(t) = t**3 - 7*t**2 + 4*t + 2. Let f be y(5). Let a = f - -45. What is the remainder when (2 + 40/(-12))/((-1)/24) is divided by a?
15
Suppose -909 = 31*s - 4877. Calculate the remainder when s is divided by 12.
8
Let c(h) = h**3 + 35*h**2 + 94*h + 74. Calculate the remainder when c(-32) is divided by 20.
18
Suppose -c + 1714 = 5*u, -4*c + 399 = 3*u - 643. What is the remainder when u is divided by 86?
84
Suppose -4*n = -9*n. Suppose n = 2*t - 7*t. Suppose 2*q - 18 = -t*q. Calculate the remainder when 35 is divided by q.
8
Let b = -258 + 348. What is the remainder when b is divided by 17?
5
What is the remainder when (2*249)/(4 - (10 + -8)) is divided by 42?
39
Suppose 0 = 2*j + 2*j - 276. Let x(h) = 2*h**3 - 7*h**2 + 3*h - 4. Calculate the remainder when j is divided by x(4).
21
Let d(k) = k**3 - 5*k**2 - 19*k + 39. What is the remainder when 180 is divided by d(7)?
0
Suppose -11*z + 18*z - 385 = 0. Let o(c) = 3*c**2 + 3*c - 4. What is the remainder when z is divided by o(-3)?
13
Let d(f) = -f**2 - 6*f + 14. Let a be d(-9). Let n = a - -20. Calculate the remainder when 39 is divided by n.
4
Suppose -a + 3*a + 2*k = 34, a - 9 = k. Suppose 2*b - 4*t + a = t, -9 = 3*b + 3*t. Calculate the remainder when 2*b*(-92)/16 is divided by 12.
10
Let i(g) = 2*g**3 + g**2 - g - 2. Let m be i(2). Let v be (231/28)/(2/8). Let q = v - m. What is the remainder when 67 is divided by q?
16
Let z(v) = -4*v**3 + 6*v**2 - 3*v - 3. Let k = -20 + 32. Calculate the remainder when z(-2) is divided by k.
11
Let k(q) = -q**3 + 5*q**2 + q - 3. Let w be k(5). Suppose -10 = w*p - 56. Calculate the remainder when p is divided by 8.
7
Suppose 5*v - 10 = -5*y, 0*y = 2*v + 3*y - 4. Suppose -13 = v*k - 43. Suppose 23 = 13*u - 94. Calculate the remainder when k is divided by u.
6
Suppose 5*a - 4*l = -3*l + 120, 3*a - 72 = -2*l. Calculate the remainder when a is divided by 7.
3
Suppose 271 = y + 4*y + 4*q, 2*q + 94 = 2*y. Suppose -2*x + 205 + 17 = 0. Suppose x = 4*u + 39. Calculate the remainder when y is divided by u.
15
Let p = -665 + 680. What is the remainder when 133 is divided by p?
13
Let i = -738 - -946. Calculate the remainder when i is divided by 30.
28
Let q(m) = 2*m**2 - m - 5. Let x be q(-2). Let b(j) = -j**3 + 8*j**2 - 3*j - 7. Calculate the remainder when b(x) is divided by 14.
11
Let d = -101 + 109. Calculate the remainder when 62 is divided by d.
6
Suppose 4*k - 3*r - 131 = 0, -k + 5*r - 7 + 44 = 0. Calculate the remainder when 117 is divided by k.
21
Let r(u) = 50*u**2 - 104*u + 203. What is the remainder when r(2) is divided by 50?
45
Let i = -475 + 512. Calculate the remainder when i is divided by 33.
4
Let z = 25 + 17. What is the remainder when 165 is divided by z?
39
Let b(p) = 18*p + 119. What is the remainder when 96 is divided by b(-6)?
8
Suppose -3*a = -15, y - 26 - 11 = 5*a. Calculate the remainder when y is divided by 6.
2
Let j = -19 - -31. Let m be 2/(-1 + 33/39). Let g(w) = -3*w + 8. Calcula